{"id":2669,"date":"2021-07-28T11:51:51","date_gmt":"2021-07-28T11:51:51","guid":{"rendered":"https:\/\/malabarhotel.pl\/?page_id=2669"},"modified":"2022-09-18T18:47:58","modified_gmt":"2022-09-18T18:47:58","slug":"spektakle","status":"publish","type":"page","link":"https:\/\/malabarhotel.pl\/index.php\/spektakle\/","title":{"rendered":"Spektakle"},"content":{"rendered":"\n<div class=\"wp-block-media-text alignwide is-stacked-on-mobile\"><figure class=\"wp-block-media-text__media\"><a href=\"https:\/\/malabarhotel.pl\/index.php\/baldanders\/\"><img decoding=\"async\" loading=\"lazy\" width=\"500\" height=\"219\" src=\"http:\/\/malabarhotel.pl\/wp-content\/uploads\/2021\/07\/baldanders_zblizenie-1.jpg\" alt=\"\" class=\"wp-image-2532 size-full\" srcset=\"https:\/\/malabarhotel.pl\/wp-content\/uploads\/2021\/07\/baldanders_zblizenie-1.jpg 500w, https:\/\/malabarhotel.pl\/wp-content\/uploads\/2021\/07\/baldanders_zblizenie-1-300x131.jpg 300w\" sizes=\"(max-width: 500px) 100vw, 500px\" \/><\/a><\/figure><div class=\"wp-block-media-text__content\">\n<p class=\"has-large-font-size\">Baldanders<\/p>\n<\/div><\/div>\n\n\n\n<div class=\"wp-block-media-text alignwide is-stacked-on-mobile\"><figure class=\"wp-block-media-text__media\"><a href=\"https:\/\/malabarhotel.pl\/index.php\/barani-kozuszek\/\"><img decoding=\"async\" loading=\"lazy\" width=\"1024\" height=\"382\" src=\"http:\/\/malabarhotel.pl\/wp-content\/uploads\/2021\/07\/0E1A2142s-1024x382.jpg\" alt=\"\" class=\"wp-image-2525 size-full\" srcset=\"https:\/\/malabarhotel.pl\/wp-content\/uploads\/2021\/07\/0E1A2142s-1024x382.jpg 1024w, https:\/\/malabarhotel.pl\/wp-content\/uploads\/2021\/07\/0E1A2142s-300x112.jpg 300w, https:\/\/malabarhotel.pl\/wp-content\/uploads\/2021\/07\/0E1A2142s-768x286.jpg 768w, https:\/\/malabarhotel.pl\/wp-content\/uploads\/2021\/07\/0E1A2142s-1536x573.jpg 1536w, https:\/\/malabarhotel.pl\/wp-content\/uploads\/2021\/07\/0E1A2142s.jpg 2000w\" sizes=\"(max-width: 1024px) 100vw, 1024px\" \/><\/a><\/figure><div class=\"wp-block-media-text__content\">\n<p class=\"has-large-font-size\">Barani Ko\u017cuszek<\/p>\n<\/div><\/div>\n\n\n\n<div class=\"wp-block-media-text alignwide is-stacked-on-mobile\"><figure class=\"wp-block-media-text__media\"><a href=\"https:\/\/malabarhotel.pl\/index.php\/ferdydurke\/\"><img decoding=\"async\" loading=\"lazy\" width=\"1024\" height=\"389\" src=\"https:\/\/malabarhotel.pl\/wp-content\/uploads\/2021\/07\/FERDYDURKE-fotosy-PRINT-fot-kasia-chmura-17890-2-1024x389.jpg\" alt=\"\" class=\"wp-image-2670 size-full\" srcset=\"https:\/\/malabarhotel.pl\/wp-content\/uploads\/2021\/07\/FERDYDURKE-fotosy-PRINT-fot-kasia-chmura-17890-2-1024x389.jpg 1024w, https:\/\/malabarhotel.pl\/wp-content\/uploads\/2021\/07\/FERDYDURKE-fotosy-PRINT-fot-kasia-chmura-17890-2-300x114.jpg 300w, https:\/\/malabarhotel.pl\/wp-content\/uploads\/2021\/07\/FERDYDURKE-fotosy-PRINT-fot-kasia-chmura-17890-2-768x291.jpg 768w, https:\/\/malabarhotel.pl\/wp-content\/uploads\/2021\/07\/FERDYDURKE-fotosy-PRINT-fot-kasia-chmura-17890-2-1536x583.jpg 1536w, https:\/\/malabarhotel.pl\/wp-content\/uploads\/2021\/07\/FERDYDURKE-fotosy-PRINT-fot-kasia-chmura-17890-2.jpg 2000w\" sizes=\"(max-width: 1024px) 100vw, 1024px\" \/><\/a><\/figure><div class=\"wp-block-media-text__content\">\n<p class=\"has-large-font-size\">Ferdydurke<\/p>\n<\/div><\/div>\n\n\n\n<div class=\"wp-block-media-text alignwide is-stacked-on-mobile\"><figure class=\"wp-block-media-text__media\"><a href=\"https:\/\/malabarhotel.pl\/index.php\/k\/\"><img decoding=\"async\" loading=\"lazy\" width=\"1024\" height=\"402\" src=\"http:\/\/malabarhotel.pl\/wp-content\/uploads\/2021\/07\/gaz-teatrfredry-Dawid_Stube-1-1024x402.jpg\" alt=\"\" class=\"wp-image-2533 size-full\" srcset=\"https:\/\/malabarhotel.pl\/wp-content\/uploads\/2021\/07\/gaz-teatrfredry-Dawid_Stube-1-1024x402.jpg 1024w, https:\/\/malabarhotel.pl\/wp-content\/uploads\/2021\/07\/gaz-teatrfredry-Dawid_Stube-1-300x118.jpg 300w, https:\/\/malabarhotel.pl\/wp-content\/uploads\/2021\/07\/gaz-teatrfredry-Dawid_Stube-1-768x302.jpg 768w, https:\/\/malabarhotel.pl\/wp-content\/uploads\/2021\/07\/gaz-teatrfredry-Dawid_Stube-1-1536x603.jpg 1536w, https:\/\/malabarhotel.pl\/wp-content\/uploads\/2021\/07\/gaz-teatrfredry-Dawid_Stube-1.jpg 2048w\" sizes=\"(max-width: 1024px) 100vw, 1024px\" \/><\/a><\/figure><div class=\"wp-block-media-text__content\">\n<p class=\"has-large-font-size\">Gaz!<\/p>\n<\/div><\/div>\n\n\n\n<div class=\"wp-block-media-text alignwide is-stacked-on-mobile\"><figure class=\"wp-block-media-text__media\"><a href=\"https:\/\/malabarhotel.pl\/index.php\/grochow\/\"><img decoding=\"async\" loading=\"lazy\" width=\"1024\" height=\"371\" src=\"http:\/\/malabarhotel.pl\/wp-content\/uploads\/2021\/07\/BIEL7495-1-1024x371.jpg\" alt=\"\" class=\"wp-image-2572 size-full\" srcset=\"https:\/\/malabarhotel.pl\/wp-content\/uploads\/2021\/07\/BIEL7495-1-1024x371.jpg 1024w, https:\/\/malabarhotel.pl\/wp-content\/uploads\/2021\/07\/BIEL7495-1-300x109.jpg 300w, https:\/\/malabarhotel.pl\/wp-content\/uploads\/2021\/07\/BIEL7495-1-768x278.jpg 768w, https:\/\/malabarhotel.pl\/wp-content\/uploads\/2021\/07\/BIEL7495-1-1536x556.jpg 1536w, https:\/\/malabarhotel.pl\/wp-content\/uploads\/2021\/07\/BIEL7495-1.jpg 2000w\" sizes=\"(max-width: 1024px) 100vw, 1024px\" \/><\/a><\/figure><div class=\"wp-block-media-text__content\">\n<p class=\"has-large-font-size\">Groch\u00f3w<\/p>\n<\/div><\/div>\n\n\n\n<div class=\"wp-block-media-text alignwide is-stacked-on-mobile\"><figure class=\"wp-block-media-text__media\"><a href=\"https:\/\/malabarhotel.pl\/index.php\/no-sidebar-template\/\"><img decoding=\"async\" loading=\"lazy\" width=\"857\" height=\"341\" src=\"http:\/\/malabarhotel.pl\/wp-content\/uploads\/2021\/07\/mistrz-i-malgorzata_-Fot_Bartek_Warzecha_DSC1548-1.jpg\" alt=\"\" class=\"wp-image-2534 size-full\" srcset=\"https:\/\/malabarhotel.pl\/wp-content\/uploads\/2021\/07\/mistrz-i-malgorzata_-Fot_Bartek_Warzecha_DSC1548-1.jpg 857w, https:\/\/malabarhotel.pl\/wp-content\/uploads\/2021\/07\/mistrz-i-malgorzata_-Fot_Bartek_Warzecha_DSC1548-1-300x119.jpg 300w, https:\/\/malabarhotel.pl\/wp-content\/uploads\/2021\/07\/mistrz-i-malgorzata_-Fot_Bartek_Warzecha_DSC1548-1-768x306.jpg 768w\" sizes=\"(max-width: 857px) 100vw, 857px\" \/><\/a><\/figure><div class=\"wp-block-media-text__content\">\n<p class=\"has-large-font-size\">Mistrz i Ma\u0142gorzata<\/p>\n<\/div><\/div>\n\n\n\n<div class=\"wp-block-media-text alignwide is-stacked-on-mobile\"><figure class=\"wp-block-media-text__media\"><a href=\"https:\/\/malabarhotel.pl\/index.php\/pozegnanie-jesieni\/\"><img decoding=\"async\" loading=\"lazy\" width=\"1024\" height=\"389\" src=\"http:\/\/malabarhotel.pl\/wp-content\/uploads\/2021\/07\/fot-bartek-warzecha-c-dsc8219-c-b-1-1024x389.jpg\" alt=\"\" class=\"wp-image-2587 size-full\" srcset=\"https:\/\/malabarhotel.pl\/wp-content\/uploads\/2021\/07\/fot-bartek-warzecha-c-dsc8219-c-b-1-1024x389.jpg 1024w, https:\/\/malabarhotel.pl\/wp-content\/uploads\/2021\/07\/fot-bartek-warzecha-c-dsc8219-c-b-1-300x114.jpg 300w, https:\/\/malabarhotel.pl\/wp-content\/uploads\/2021\/07\/fot-bartek-warzecha-c-dsc8219-c-b-1-768x292.jpg 768w, https:\/\/malabarhotel.pl\/wp-content\/uploads\/2021\/07\/fot-bartek-warzecha-c-dsc8219-c-b-1.jpg 1100w\" sizes=\"(max-width: 1024px) 100vw, 1024px\" \/><\/a><\/figure><div class=\"wp-block-media-text__content\">\n<p class=\"has-large-font-size\">Po\u017cegnanie jesieni<\/p>\n<\/div><\/div>\n\n\n\n<div class=\"wp-block-media-text alignwide is-stacked-on-mobile\"><figure class=\"wp-block-media-text__media\"><a href=\"https:\/\/malabarhotel.pl\/index.php\/tutli-putli-kto-jest-dziki\/\"><img decoding=\"async\" loading=\"lazy\" width=\"1024\" height=\"384\" src=\"http:\/\/malabarhotel.pl\/wp-content\/uploads\/2021\/07\/foto-by-kasia-chmura-WWW-45-1-1024x384.jpg\" alt=\"\" class=\"wp-image-2613 size-full\" srcset=\"https:\/\/malabarhotel.pl\/wp-content\/uploads\/2021\/07\/foto-by-kasia-chmura-WWW-45-1-1024x384.jpg 1024w, https:\/\/malabarhotel.pl\/wp-content\/uploads\/2021\/07\/foto-by-kasia-chmura-WWW-45-1-300x113.jpg 300w, https:\/\/malabarhotel.pl\/wp-content\/uploads\/2021\/07\/foto-by-kasia-chmura-WWW-45-1-768x288.jpg 768w, https:\/\/malabarhotel.pl\/wp-content\/uploads\/2021\/07\/foto-by-kasia-chmura-WWW-45-1.jpg 1400w\" sizes=\"(max-width: 1024px) 100vw, 1024px\" \/><\/a><\/figure><div class=\"wp-block-media-text__content\">\n<p class=\"has-large-font-size\">Tutli-Putli. Kto jest dziki?<\/p>\n<\/div><\/div>\n\n\n\n<div class=\"wp-block-media-text alignwide is-stacked-on-mobile\"><figure class=\"wp-block-media-text__media\"><a href=\"https:\/\/malabarhotel.pl\/index.php\/w-grobie-sie-nie-miesci\/\"><img decoding=\"async\" loading=\"lazy\" width=\"1024\" height=\"391\" src=\"http:\/\/malabarhotel.pl\/wp-content\/uploads\/2022\/09\/306298856_1025204931506499_2954105945264938053_n-3-1024x391.jpg\" alt=\"\" class=\"wp-image-3041 size-full\" srcset=\"https:\/\/malabarhotel.pl\/wp-content\/uploads\/2022\/09\/306298856_1025204931506499_2954105945264938053_n-3-1024x391.jpg 1024w, https:\/\/malabarhotel.pl\/wp-content\/uploads\/2022\/09\/306298856_1025204931506499_2954105945264938053_n-3-300x115.jpg 300w, https:\/\/malabarhotel.pl\/wp-content\/uploads\/2022\/09\/306298856_1025204931506499_2954105945264938053_n-3-768x293.jpg 768w, https:\/\/malabarhotel.pl\/wp-content\/uploads\/2022\/09\/306298856_1025204931506499_2954105945264938053_n-3-1536x587.jpg 1536w, https:\/\/malabarhotel.pl\/wp-content\/uploads\/2022\/09\/306298856_1025204931506499_2954105945264938053_n-3.jpg 2048w\" sizes=\"(max-width: 1024px) 100vw, 1024px\" \/><\/a><\/figure><div class=\"wp-block-media-text__content\">\n<p class=\"has-large-font-size\">W grobie si\u0119 nie mie\u015bci<\/p>\n<\/div><\/div>\n\n\n\n<div class=\"wp-block-media-text alignwide is-stacked-on-mobile\"><figure class=\"wp-block-media-text__media\"><a href=\"https:\/\/malabarhotel.pl\/index.php\/wiosna\/\"><img decoding=\"async\" loading=\"lazy\" width=\"682\" height=\"294\" src=\"http:\/\/malabarhotel.pl\/wp-content\/uploads\/2021\/07\/5df0d9a869646d.jpg\" alt=\"\" class=\"wp-image-2599 size-full\" srcset=\"https:\/\/malabarhotel.pl\/wp-content\/uploads\/2021\/07\/5df0d9a869646d.jpg 682w, https:\/\/malabarhotel.pl\/wp-content\/uploads\/2021\/07\/5df0d9a869646d-300x129.jpg 300w\" sizes=\"(max-width: 682px) 100vw, 682px\" \/><\/a><\/figure><div class=\"wp-block-media-text__content\">\n<p class=\"has-large-font-size\">Wiosna<\/p>\n<\/div><\/div>\n","protected":false},"excerpt":{"rendered":"<p>Baldanders Barani Ko\u017cuszek Ferdydurke Gaz! Groch\u00f3w Mistrz i Ma\u0142gorzata Po\u017cegnanie jesieni Tutli-Putli. Kto jest dziki? W grobie si\u0119 nie mie\u015bci Wiosna<\/p>\n","protected":false},"author":1,"featured_media":2599,"parent":0,"menu_order":0,"comment_status":"closed","ping_status":"closed","template":"no-sidebar.php","meta":{"om_disable_all_campaigns":false,"_monsterinsights_skip_tracking":false,"_monsterinsights_sitenote_active":false,"_monsterinsights_sitenote_note":"","_monsterinsights_sitenote_category":0},"_links":{"self":[{"href":"https:\/\/malabarhotel.pl\/index.php\/wp-json\/wp\/v2\/pages\/2669"}],"collection":[{"href":"https:\/\/malabarhotel.pl\/index.php\/wp-json\/wp\/v2\/pages"}],"about":[{"href":"https:\/\/malabarhotel.pl\/index.php\/wp-json\/wp\/v2\/types\/page"}],"author":[{"embeddable":true,"href":"https:\/\/malabarhotel.pl\/index.php\/wp-json\/wp\/v2\/users\/1"}],"replies":[{"embeddable":true,"href":"https:\/\/malabarhotel.pl\/index.php\/wp-json\/wp\/v2\/comments?post=2669"}],"version-history":[{"count":2,"href":"https:\/\/malabarhotel.pl\/index.php\/wp-json\/wp\/v2\/pages\/2669\/revisions"}],"predecessor-version":[{"id":3044,"href":"https:\/\/malabarhotel.pl\/index.php\/wp-json\/wp\/v2\/pages\/2669\/revisions\/3044"}],"wp:featuredmedia":[{"embeddable":true,"href":"https:\/\/malabarhotel.pl\/index.php\/wp-json\/wp\/v2\/media\/2599"}],"wp:attachment":[{"href":"https:\/\/malabarhotel.pl\/index.php\/wp-json\/wp\/v2\/media?parent=2669"}],"curies":[{"name":"wp","href":"https:\/\/api.w.org\/{rel}","templated":true}]}}